 -183*w + 126. Let o(r) = 92*r - 67. Let p(h) = 11*o(h) + 6*u(h). Is p(a) a prime number?
True
Let q(k) = 2*k**3 + 18*k**2 + 3*k + 31. Let g be q(-9). Suppose -5271 = -5*z - 3*f + 7*f, g*z - 4*f = 4216. Is z composite?
True
Let z = 397275 + 53358. Is z a prime number?
False
Let i(y) = 35*y**2 - 30*y + 1. Let o be i(-16). Is 120/(-240)*(-1*1 - o) a composite number?
False
Let r be (-69)/(-24) - (-8)/64. Let t be ((-620)/r)/(14/84). Let f = -333 - t. Is f a prime number?
True
Let g(t) = 27*t + 72. Let m be g(-3). Let c(l) = -101*l - 122. Is c(m) prime?
True
Let a = 85 + -83. Let x = -24 + 29. Suppose -2382 = -a*h - 0*f + f, 0 = -2*h - x*f + 2382. Is h prime?
False
Let i = 6 - -5. Suppose i*x = 14*x - 42. Let t(g) = 4*g + 2. Is t(x) a composite number?
True
Let q(a) be the first derivative of 408*a**3 + 11*a**2/2 + 86*a + 137. Is q(-5) prime?
True
Let c(u) = 66953*u - 256. Is c(7) a prime number?
False
Suppose 2*f + 119*q = 120*q + 74484, 3*q = 2*f - 74488. Is f a prime number?
False
Suppose -15*i = -16*i - 112. Let n be (2942/(-8))/(14/i). Suppose n = 5*p - 9243. Is p prime?
True
Let c(u) = 63*u + 1. Let v = 4 + -6. Let z be v/(-5) + 624/65. Is c(z) a prime number?
True
Let l = 41 + -43. Let j be (-635)/(l/(-16) + 0). Is 2/6 - j/60 prime?
False
Suppose 48437 = 2*a - 4*n - 164465, -5*n + 425739 = 4*a. Is a a composite number?
False
Let l(o) = -7*o**3 - 32*o**2 + 20*o + 58. Let u(h) = 15*h**3 + 64*h**2 - 41*h - 115. Let y(s) = -13*l(s) - 6*u(s). Is y(-25) prime?
False
Suppose 0 = -2*m - 3*m - 3*r - 530, -m = -3*r + 106. Let i = 186 + m. Let w = 407 + i. Is w composite?
False
Let y = -14917 - -6083. Let g = -5807 - y. Is g prime?
False
Let q be ((-77)/(-14) + -5)/(1/216). Let h = q - 105. Suppose -h*f + 4*y = -771, -514 = -f - f + y. Is f a composite number?
False
Suppose 3*z + 37347 = 5*z + 8821. Is z a prime number?
False
Suppose 30*b + 12*b - 1638 = 0. Is (-364)/b*67884/(-16) a prime number?
False
Let q = 60022 + 68089. Is q a composite number?
False
Suppose -5131 = -h - 454. Is h/6*(-4 - -6) a composite number?
False
Suppose -2*z - 605 - 457 = -4*x, -789 = -3*x + 3*z. Suppose -2*g = 5*h - 2258, 2*g = 7*g - 3*h - 5676. Let y = g - x. Is y composite?
True
Suppose -6*s - 143 = 2863. Let k = s - -874. Is k a prime number?
True
Let l(s) = -3*s**3 + 4*s**2 - 18*s - 32. Suppose -4*m + 66 = -10*m. Is l(m) a prime number?
True
Is -4*2*-1 - (63 + -32 - 151380) composite?
False
Suppose 7*d - 3*d - 4 = 0, 0 = -2*f + 3*d + 361175. Is f composite?
True
Suppose 4*b - 43942 = 73350. Suppose 0 = 9*a - 16*a + b. Is a prime?
False
Let u(g) = 1457*g**2 + 16*g - 66. Let v be u(6). Suppose 16538 = -8*o + v. Is o a composite number?
False
Let x(c) = -14*c + 11*c + 58 + 47 + 122*c. Is x(26) a composite number?
True
Suppose 4*n = -4*s + 3657568, -6*n = -3*n + 5*s - 2743162. Is n prime?
False
Let r be 6/(-48)*2 - 17791/4. Let b = -3129 - r. Is b prime?
True
Suppose -4*l + 79*w + 18879 = 74*w, 2*w = 2. Is l a prime number?
True
Let q(c) = -73068*c - 1013. Is q(-3) a prime number?
True
Let r(a) = 160*a - 358*a + 5 + 141*a + 79*a**2. Is r(-4) a prime number?
False
Suppose 4*y - 3*w - 308 + 41 = 0, -334 = -5*y + 4*w. Let m = y - 161. Let f = 116 - m. Is f a prime number?
True
Let o(c) = c**2 + 57*c - 197. Is o(20) a prime number?
False
Let m be (0/(-3 + 6))/3. Suppose 3*w - 2*s = 2*w + 12881, -w + 5*s + 12869 = m. Is w composite?
False
Suppose -53*o - 51*o - 1306207 = -111*o. Is o composite?
False
Is -25 + (-4)/4 - -34585 composite?
True
Let t(y) = 103*y**2 - 41*y - 363. Is t(16) a prime number?
True
Let a(p) = -2*p - 8. Let q(k) = -5*k - 17. Let h(w) = 9*a(w) - 4*q(w). Let g be h(4). Suppose -g*f + 408 + 8 = 4*y, 2*f - 4*y = 238. Is f prime?
True
Let v(b) = b**3 - 5*b**2 - 15*b - 6. Suppose -4*u + 2*a = -3*a - 72, -5*u + 3*a + 77 = 0. Is v(u) composite?
False
Suppose 9*g - 1065563 = -28*g. Is g a prime number?
False
Suppose -a + 10*r = -316407, -2*r + 424908 = 2*a - 207752. Is a composite?
True
Let a be 7 + (-6 - (-5 - -3)). Is (a/2)/((-48)/(-68128)) a composite number?
False
Suppose 26*q - 8*q - 261936 = 0. Let i = 29505 - q. Is i a prime number?
False
Let z = 56611 + 46750. Is z prime?
False
Let t(f) = -f**2 + 7*f - 10. Let z be t(-5). Let p = 973 - z. Is p a composite number?
True
Suppose 4*h - 1680 = -3*h. Let z(n) = 7 - h*n + 123*n - 8*n**2 + 27*n**2 + 115*n. Is z(2) a prime number?
True
Let p = 67 - 67. Suppose 5*k = p, 3*h - 246 = -6*k + 3*k. Suppose -h*y + 6483 = -79*y. Is y prime?
True
Let y be (-2608)/(-52) + (-4)/26. Let v(s) = s**3 + 29*s**2 - 17. Let h be v(-29). Let q = y - h. Is q composite?
False
Let u = -4388 + 131925. Is u a prime number?
False
Suppose 140 = 4*d - 9*d. Let r be d/35 + 29648/10. Suppose 692 = 8*f - r. Is f a composite number?
False
Is 1*3/(-33)*-922165 + (-2)/11 a composite number?
False
Let f(b) be the second derivative of -b**5/20 + 5*b**4/4 + b**3/6 + 5*b**2 - 2*b - 1. Is f(-7) composite?
True
Suppose -2*y + 170 = 4*z, -2*z + 100 = 5*y - y. Let v be (z - 41)/((-2)/(-8)*-1). Is 4/2 + 543 - v a composite number?
False
Let f = -31898 - -53931. Is f a prime number?
False
Suppose 86*g + 98*g - 179*g = 375665. Is g composite?
False
Let d = -163741 - -285864. Is d a prime number?
False
Suppose -68*m = -25746214 - 5298438. Is m composite?
False
Is (-1790877)/(-132) - 4/16 prime?
True
Suppose -2*t + 1598 = 2*f, 3*f + 796 = t + f. Suppose -797*k = -t*k + 479. Is k composite?
False
Let z = 177 - 172. Suppose -5909 = -4*o + z*t + 4292, 0 = -2*o - t + 5111. Is o a prime number?
False
Suppose -66*q + 63*q - 11822 + 57503 = 0. Is q a composite number?
False
Is 85922 - (22 + -1 - 14) composite?
True
Suppose o - 2*o = -5*o. Suppose o = 3*q - 1455 - 3531. Let s = q - -175. Is s a prime number?
False
Is (-24)/132 - 57*78005/(-165) a prime number?
True
Let m(c) = 86*c**3 + 2*c**2 - 5*c + 2. Suppose 26 = -7*a - 2. Let s be m(a). Let g = 14365 + s. Is g a prime number?
False
Let u(i) = i**3 + 45*i**2 + 14*i - 119. Let x be u(34). Suppose -28610 = 59*j - x. Is j a composite number?
False
Let s(t) = 14986*t - 251. Is s(7) composite?
False
Let p(b) = 213*b**2 + b + 6. Let x(m) = -m**3 + 6*m**2 - 3*m + 11. Let z be x(6). Let f be p(z). Suppose -t - f = -5*t. Is t prime?
True
Suppose -3*r + 6*r = -5*b - 19, 4*r = 5*b - 2. Let j = -20 + 87. Is (-3 - -3)/b + j prime?
True
Suppose 2*c - 4*q = -8, 2*q - 8 = -2*q. Suppose 5*l = c, -2*a = 2*l - 796 - 174. Is a a prime number?
False
Let d = 59695 - 26238. Is d a composite number?
False
Let c = 8441 + -8443. Let h(r) = 4*r - 2*r - 55*r**3 + 5 + 2*r. Is h(c) composite?
True
Suppose 0 = -14*b + 9*b + 20. Suppose -2*i - b*t - 5748 = 0, -t + 2*t + 14334 = -5*i. Let f = i - -4961. Is f prime?
False
Let l = 268 - 273. Is (3314/(l/((-45)/(-6))))/(-3) a prime number?
True
Let p(g) = 44*g**3 + g**2 + 2*g + 12. Let u be p(-3). Is (-7134288)/u + (-4)/46 composite?
True
Suppose 0 = 5*z - 4*u - 47911, z + 55*u - 61*u = 9551. Is z a prime number?
True
Suppose 0 = -24*n + 7779020 + 9348339 - 552623. Is n prime?
False
Let b(v) = -3*v**3 + 41*v**2 + 17*v - 162. Is b(-23) composite?
False
Let x be ((-4)/((-16)/2))/(1/4). Let u(p) = -11 + 4 - 42*p - x + 26. Is u(-4) a composite number?
True
Let u(w) = 2102*w**2 - 2*w + 13. Let k be u(6). Suppose -3*d - 31372 = -k. Is d a composite number?
False
Suppose -553 = 25*j - 1378. Is ((-33)/3)/j*15*-1889 a prime number?
False
Is (4/(40/2))/(-7 - 3861412/(-551630)) a composite number?
False
Let p = 529 - 533. Is (p - 20556/16)*-4 composite?
True
Suppose -10*h + 15*h = 7775. Let w = 4013 - h. Is w a prime number?
False
Let g(q) = -q**3 + 27*q**2 - 24*q + 27. Let o = -55 - -49. Let x be 27 + 6 + -2 + o. Is g(x) a composite number?
False
Suppose -o = 2*o + 4*n + 11476, 5*n = -5*o - 19120. Let g = 5873 + o. Is g a prime number?
True
Suppose -7*p + 2*p + 60 = 0. Suppose -20*f = -17*f - p. Suppose -b - 1 = f, 863 = s + 3*b. Is s prime?
False
Let s be (-64)/80 - (-2196)/20. Suppose 0*f - 270 = 5*f. Let k = f + s. Is k a composite number?
True
Let v(a) = -2*a**2 + 14*a - 9. Let h be v(6). Suppose 0 = 5*p - 5*j + 6015 - 32895, h*p - 16118 = 5*j. Is p composite?
False
Is (-540)/(-30) - 20073/(-3) a prime number?
True
Let r = -17646 - -32243. Is r a prime number?
False
Let g = 157 - 55. Let s = g - -805. 